 prime factors of z.
5, 7
List the prime factors of 41/(656/72)*(-13876)/(-2).
3, 3469
List the prime factors of (-13)/((-169)/221) + 35501.
2, 7, 43, 59
Suppose -d - 4 + 16 = -w, -4*w + 5*d = 48. List the prime factors of (5 + 141)/(w/(-102)).
17, 73
Let l = 3 - 35. Let p = l + 33. What are the prime factors of 0 - (-1)/((2 - p)/4)?
2
Let s = -22563 + 52718. List the prime factors of s.
5, 37, 163
Let q(v) = 14*v**2 + 48*v - 262. What are the prime factors of q(18)?
2, 7, 367
Let m = 19426 + -463. List the prime factors of m.
3, 7, 43
List the prime factors of (57258 - 0) + 219 + -245.
2, 7, 73
Let z be -6 + 0 + 4 + 6. List the prime factors of ((-2)/(-15)*-5)/(z/(-2298)).
383
Let i = 124 + -127. What are the prime factors of (i/6)/(3/(-2166))?
19
Suppose -y - 2*k - 10 = 0, 4*k - 7*k = 5*y + 15. Let t be 0*(0 - -1) + 193. Suppose -97 = -5*l + o + t, o + 5 = y. List the prime factors of l.
3, 19
Suppose 205*v + 150 = 208*v. Suppose 58*z = v*z + 1616. What are the prime factors of z?
2, 101
Let o(g) = 53*g**2 + 4*g + 2. Let l be o(-1). Let d = l - -169. List the prime factors of d.
2, 5, 11
Suppose -42*x = -515663 - 463903. List the prime factors of x.
83, 281
List the prime factors of (-20)/(-300) + 956964/90.
7, 31
Let u(h) = 49*h**2 + 90*h + 2. List the prime factors of u(4).
2, 3, 191
Suppose -u = -2 - 3. Let k(f) = 2*f**2 - 8*f + 3. Let r be k(u). Suppose 3*i + 4*s - 24 = 0, 2*i = 4*s + r + 23. What are the prime factors of i?
2, 3
Suppose -761*f + 759*f + 12834 = 0. List the prime factors of f.
3, 23, 31
Suppose 5*v = 3*t - 43, -3*v - 2*v + 5 = 5*t. Suppose 12*q - t*q = 864. List the prime factors of q.
2, 3
Suppose -31*o = -32*o + 5. Suppose -20*t = -o*t - 3135. List the prime factors of t.
11, 19
Let u(h) = 13*h**3 - 9*h**2 - 5*h + 80. List the prime factors of u(6).
2, 7, 181
Let z(y) = y**2 + 2*y - 4. Let j = -62 + 69. Let f be z(j). What are the prime factors of f - (3 - 5 - -5)?
2, 7
Let u(s) = 376*s**2 + 93*s - 661. List the prime factors of u(10).
3, 13, 971
Let y(w) = 2*w**2 - 2*w - 12. Let d(j) = -j**2 - 7*j - 11. Let c be d(-3). Let p be (8 + c)/(3/2). List the prime factors of y(p).
2, 3
Let r(u) = 7669*u - 61. List the prime factors of r(2).
15277
Let o(m) = -24722*m + 203. What are the prime factors of o(-1)?
5, 997
Let g(b) = b**2 + 18*b + 118. Let s be g(-13). Suppose s*p - 36855 = 31144. What are the prime factors of p?
1283
Suppose 2*u + 39412 + 44132 = 8*u. List the prime factors of u.
2, 59
Let c(p) = 9*p - 2. Let n be c(-5). Suppose 2668 = 33*y - 698. Let k = y + n. What are the prime factors of k?
5, 11
Let n = 1599 - 1844. Let v be (2/4)/((-2)/1468). Let u = n - v. List the prime factors of u.
2, 61
Let p = 1603 + 1704. Let j = -2126 + p. List the prime factors of j.
1181
Let m(t) = -127*t - 1535. List the prime factors of m(-20).
3, 5, 67
Suppose 7*n - 9343 = -4*f, -12*n + 17*n - 25 = 0. List the prime factors of f.
13, 179
Let q(w) = 7*w**2 + 5*w + 36. Let m be q(-14). Suppose 4*d = y - 456, 3*d - m = y - 4*y. List the prime factors of y.
2, 7
Let a = 335 - 333. Suppose -a*h + 474 - 77 = -5*k, 0 = -5*k + 15. What are the prime factors of h?
2, 103
Suppose -4*w = 4*u + 4884, -2*u + 2 = -4*u. Let v = 60 - w. List the prime factors of v.
2, 5
Let u(i) = i - 26. Let a be u(-22). List the prime factors of ((-5)/2 + 1)/(a/2624).
2, 41
Let s = 7577 + -6363. List the prime factors of s.
2, 607
Suppose 0 = -4*w + 4*l + 124, -l = w - 6*l - 19. Suppose w*j - 3151 - 7763 = 0. What are the prime factors of j?
3, 107
Let f(z) = z**2 - 12*z + 3. Let n be f(0). Suppose -3*j + 5*j = 104. Suppose n*t + 858 = 5*l + j, -l + t + 160 = 0. List the prime factors of l.
163
Suppose -4*a + 17 = -27. Suppose -7*w - a*w + 6246 = 0. What are the prime factors of w?
347
Suppose 70*d - 332030 = -105*d + 4566045. What are the prime factors of d?
13, 2153
Let g(f) = 29*f**2 + 201*f - 3467. List the prime factors of g(17).
3, 2777
Suppose -2*h + 6*t = 3*t + 50, 0 = 4*t + 8. Suppose -u - 25 = -102. Let c = u - h. What are the prime factors of c?
3, 5, 7
Let k(f) = -6*f**3 - 15*f**2 - 3*f + 216. What are the prime factors of k(-10)?
2, 3, 7, 113
Let n(d) = 83*d**2 - 8*d + 21. Let i be n(4). Suppose 3*y = i + 216. List the prime factors of y.
7, 73
Let z(s) = 5*s. Let q(l) = -l**2 - 25*l + 17. Let o(v) = q(v) + 6*z(v). Let y = 8 + -2. List the prime factors of o(y).
11
Suppose 279150 = -2830*i + 2855*i. What are the prime factors of i?
2, 3, 1861
Let c = 52 + -46. Suppose 3*l + 9 = c*l. Suppose -273 = l*i - 6*i. What are the prime factors of i?
7, 13
Suppose -4*f - 407 - 913 = 0. Let z = f - -662. What are the prime factors of z?
2, 83
Let y(c) = c**3 + 7*c**2 - 2*c - 24. Let x be y(-6). Let m(w) = -w**3 + 28*w**2 - 67*w + 31. What are the prime factors of m(x)?
727
Suppose 7*d - 5*d = -y + 1678, 5*y + 2*d - 8350 = 0. Let a = -652 + y. What are the prime factors of a?
2, 127
What are the prime factors of 1*((-731902)/(-116))/((-2)/(-4))?
12619
Suppose -7*w = -9*w - 2450. Let y be 2/(-6) - w/3. Suppose 6*b = 10*b - y. List the prime factors of b.
2, 3, 17
Suppose 4*m + 6*y - 6532 = 3*y, -5*m + 8184 = -y. Suppose 2*z - 27 = -4*k - 3, k = 3*z + 6. Suppose m = k*o + 28. What are the prime factors of o?
2, 67
Let h(u) = -72 - 891*u + 873*u - 2. List the prime factors of h(-8).
2, 5, 7
Let d be (-3 - (-379)/9) + 18/(-162). Suppose 0 = -0*r - d*r + 30420. List the prime factors of r.
2, 3, 5, 13
Suppose f + 5*f = 0. Suppose f = 4*w - 3*w - 3. What are the prime factors of 4 + (0 - -39)*w?
11
Suppose 0 = z + 2*x - 2096, -6342 = -4*z - x + 2056. Suppose 2*d + 4 = 3*d, -z = -2*s + 5*d. List the prime factors of s.
2, 5, 53
Let q = -8763 - -23973. List the prime factors of q.
2, 3, 5, 13
Let d(y) = 203*y**2 - 30*y - 260. List the prime factors of d(-6).
2, 13, 139
Suppose 12*b = 10*b - 80. Let x be (-6)/(-10) + b/25 - -11. Let y(c) = -c**3 + 12*c**2 - 7*c - 5. List the prime factors of y(x).
5
Let x be (2 - 3)*(1 + 0 - 1274). Let n = -703 + x. Suppose -n = -3*f - 3*z, f + 4*z - 145 - 33 = 0. List the prime factors of f.
2, 97
Suppose 3*b = -v + 580, 3*b + 5*v - 517 = 79. Let y = 1036 + b. List the prime factors of y.
2, 307
Suppose 516 = c + 481. Suppose 36*h = c*h + 755. What are the prime factors of h?
5, 151
List the prime factors of (((-160336)/(-56))/11)/((-2)/(-119)).
17, 911
Let r be (-1 - 8/(-10)) + (-17)/(-85). Let g = r - -71. What are the prime factors of g?
71
Suppose z - 622 = 5*k, 4*z + 4*k - 2444 = 2*k. Suppose 3*i - z - 180 = 0. What are the prime factors of i?
2, 3, 11
Suppose 0 = 8224*i - 8211*i - 452244. What are the prime factors of i?
2, 3, 13, 223
Let r(s) = 248*s**2 + s - 169. List the prime factors of r(-13).
2, 3, 5, 13, 107
Suppose -5*m - 4*v + 8290 = 0, -m = -4*v - 1863 + 181. Suppose 5487 = 9*n + m. What are the prime factors of n?
5, 17
Suppose h - 7*h + 474 = 0. Suppose -h*z = -81*z - 18. What are the prime factors of 3/(1*z/(-6))?
2
Let g(p) = 6*p**2 + 85*p - 1046. List the prime factors of g(14).
2, 3, 5, 11
Let h = 171 - 134. Suppose -c + 48 + h = 0. What are the prime factors of c?
5, 17
Let v(y) = -292*y - 3419. What are the prime factors of v(-40)?
11, 751
Suppose -3*h + 3*t + 147909 = 0, 395*h - 402*h - 4*t = -345187. What are the prime factors of h?
13, 3793
List the prime factors of (1/(2 - (0 - -1)))/(835/13751615).
43, 383
Suppose 0 = 5*u - 57 + 27. Let v be -2 + 1 + 5 + (u - -669). Suppose -4*x = -v + 103. List the prime factors of x.
2, 3
Let j(x) = 271*x + 36. Let s be j(9). Suppose 2*k + 5*a - 1322 - 313 = 0, -3*a = 3*k - s. List the prime factors of k.
2, 5, 83
Suppose 9*x + 616 = x. Let o = x + 79. Suppose 72 = r - 2*q, 4 = -o*q - 4. List the prime factors of r.
2
Let z(t) = 123*t - 4. Let g be z(4). Suppose -3*r + 52 = -g. Suppose 0 = 4*x - 4*m - 384, -2*x + 0*m - 2*m + r = 0. What are the prime factors of x?
3, 31
Suppose -9248 = 308*g - 316*g. List the prime factors of g.
2, 17
Suppose o = 4*g + 6*o + 15, -2*g + 5*o = -15. Suppose g = 4*m + f + f - 8, -4*f = 2*m - 10. What are the prime factors of (m - 3)*1 + 29?
3
What are the prime factors of 7468 + -3 - ((-6)/2)/(-4 + 3)?
2, 7, 13, 41
Let g(l) = 25*l - 9. Let z be g(6). Suppose -210*h = -170*h + 3600. Let t = z + h. List the prime factors of t.
3, 17
Let